 = 4*f - 4632, 1179 = f + 3*l + l. Suppose 2*j - 2885 + f = 0. What is the tens digit of j?
6
Let a = -81 - -69. What is the hundreds digit of (-1 - a/15) + 17340/75?
2
Let h(q) = 6*q - 37. Let u(d) = 6*d - 39. Let z(v) = -4*h(v) + 3*u(v). What is the tens digit of z(-20)?
5
Suppose -53 = -5*f + b, 0 = 14*f - 18*f - 4*b + 28. Let p(a) = 146*a - 270. What is the thousands digit of p(f)?
1
Suppose -53174 = 4*d - x - 180390, 0 = 4*d + 5*x - 127264. What is the ten thousands digit of d?
3
Let b = -28317 + 34065. What is the tens digit of b?
4
Let x = -36 + 89. Suppose 1340 = -51*m + x*m. Suppose -10*o = -5*o - m. What is the tens digit of o?
3
Suppose -12942 - 44679 = -5*p + 4*m, -57601 = -5*p - m. What is the units digit of p?
1
Let d = 1136 + -783. Suppose 4*v + d = 1113. What is the tens digit of v?
9
Let t(k) = 45*k + 219. Let r be t(-6). What is the tens digit of (r/(-2))/(-2 + (-201)/(-96))?
7
Let f be (-1 - 5/5) + 6. Suppose -48 = -f*c + 5*h - 18, 5*c = -2*h + 54. Suppose 267 = c*s - 503. What is the units digit of s?
7
Suppose 3*m + 3*j = 21, -m + 24 - 26 = -2*j. Suppose -16 = m*h, -5*i + h = -4*h - 2055. What is the units digit of i?
7
Let r = 14 - -2470. What is the thousands digit of r?
2
Suppose 10*z - 40069 = 20641. What is the thousands digit of z?
6
Let q(p) be the second derivative of 0*p**2 + 0 + 18*p + 67/20*p**5 - 1/12*p**4 + 0*p**3. What is the units digit of q(1)?
6
What is the hundreds digit of (-847323)/(-18) + (-12)/(-8)?
0
Let z be (104*3)/8 - -5. What is the tens digit of (246/12)/(2/z)?
5
What is the thousands digit of (-21)/35*4248230/(-42)?
0
Let a(j) = -j - 3. Let t be a(-3). Suppose 39*h - 30*h = 2124. Suppose 2*f - 90 - h = t. What is the tens digit of f?
6
Suppose 473441 = 79*l - 74*l + 4*p, 3*l + 3*p - 284061 = 0. What is the tens digit of l?
9
Let h(o) = o**3 - 11*o**2 - 13*o + 17. Let d be 4 - (-27)/(-6) - 51/(-6). Let t be h(d). Let p = 499 + t. What is the units digit of p?
0
Suppose -l - 2 = -5*b, 6*b - 11*b = -3*l + 4. Suppose 7*w + 3451 = 4*g + 4*w, -l*g = 3*w - 2562. What is the hundreds digit of g?
8
Suppose 4*b = 5*h + 40250, 39359 + 945 = 4*b + 4*h. What is the tens digit of b?
7
Suppose -266*b + 2430784 = -4456754. What is the tens digit of b?
9
Suppose -2*p - 228808 = -10*p. Suppose 8607 = -13*f + p. What is the tens digit of f?
3
Let p be (4/8)/(2/844). Let y = 592 - p. What is the units digit of y?
1
Let y be 6/5*(8 - 13)/(-1). Suppose -3*s + y*s = 666. What is the units digit of s?
2
Let h = 903 + -271. Suppose h = 2*m - 4*m. What is the units digit of (-5)/(70/4) - m/28?
1
Let q(v) = -359*v + 14103. What is the hundreds digit of q(-16)?
8
Suppose 4*d - 5*a + 44 = 7, 20 = -3*d - 4*a. Let l = d - -11. What is the units digit of l?
3
Let j(r) = 9*r**3 - 2*r**2 + 1. Let s be j(1). Suppose 0 = 24*q - 20120 - 35176. Suppose 936 = -s*c + q. What is the hundreds digit of c?
1
Let n(q) = 0*q**2 + 59*q + q**3 - 6*q**2 + 5 - 45*q - 6. Suppose 10 = -c + 3*c. What is the units digit of n(c)?
4
What is the thousands digit of (-3873 + 0)/(24 + -25)?
3
Let b = 12050 + -9118. What is the tens digit of b?
3
Suppose 2*n - 22 = -4*f, 3*f - 3*n = 8 + 4. What is the units digit of 5646/9 - f/30*-4?
8
Let z(s) = -s**3 + 25 - 49*s - 26*s**2 + 5*s**2 + 21*s. Let k be z(-19). What is the hundreds digit of (-2)/(-11) - 27030/k?
1
Suppose 5*y + 42 = 3*j, -j + 15 = y + 9. Suppose z + 6*u = j*u + 1035, -2*u - 2062 = -2*z. What is the thousands digit of z?
1
Suppose -30*j - 37*j = -51*j - 324992. What is the thousands digit of j?
0
Let r = 8035 + 564. What is the tens digit of r?
9
Let h = -28 + 38. Let r(d) = -d**3 + 11*d**2 - d + 26. What is the hundreds digit of r(h)?
1
Suppose 51779 = -90*t + 97*t. What is the thousands digit of t?
7
Suppose -971 - 8829 = -49*h. Let q = 714 - h. What is the hundreds digit of q?
5
Let n(k) = -k + 2. Let v(f) = f**3 + 13*f**2 - 2*f - 24. Let m be v(-13). Let q be n(m). Suppose 5*y + 195 - 735 = q. What is the units digit of y?
8
Suppose 4*g = -5*q + 16497, -45*g + 4*q - 12372 = -48*g. Suppose g + 1827 = 5*m. What is the units digit of m?
1
Suppose -3058 + 15596 + 6054 = 112*t. What is the units digit of t?
6
Let u(a) = -8*a + 45. Let d be u(5). Suppose -2*m = 3*c - 3051, 4566 = d*m - 2*m + c. What is the thousands digit of m?
1
Let h(n) = n**3 + 21*n**2 - 156*n + 110. What is the hundreds digit of h(-25)?
5
Let s(b) = 6*b**2 - 4*b + 12. Let q be s(7). Let n = q + -151. Suppose 2*r - 43 = n. What is the tens digit of r?
8
Let s(b) = b**2 - 4*b - 17. Let v be s(7). Suppose -5*a + v = m - 3, -3*a - m + 3 = 0. Suppose 110 = a*w - 22. What is the units digit of w?
6
Let f(w) = -2*w**3 + 20*w**2 + 24*w - 24. Let p be f(11). What is the tens digit of 6 - (-37 + -5 + p)?
5
Suppose 3*s = -4*v + 32538, -5*s + 1308 = -v + 9454. What is the thousands digit of v?
8
Let r(l) = 138*l**2 - 11*l + 25. What is the thousands digit of r(3)?
1
Suppose 5*z + 8082 + 434 = 2*j, 5*z - 4228 = -j. Suppose -5*l + j = -667. What is the tens digit of l?
8
Suppose a = -4*w + 4346, 0 = 3*w + 119*a - 115*a - 3240. What is the hundreds digit of w?
0
Let v be (21 + -24)/(1 - 0) - -3. Suppose -5*h + 25 = 0, k + v*h + 3*h - 156 = 0. What is the units digit of k?
1
Let b(c) = -46*c + 16*c**3 + 9*c**2 - 22*c**2 + 6*c**2 + 10*c**2 + 8*c**2 - 6. What is the tens digit of b(4)?
1
Let q(c) be the third derivative of c**5/40 + 29*c**4/24 + 3*c**3/2 - 30*c**2. Let u(z) be the first derivative of q(z). What is the tens digit of u(17)?
8
Let w(d) = 575*d - 749. What is the thousands digit of w(12)?
6
Suppose 5*b - 237155 = -10*v, -6*b = 5*v - b - 118560. What is the tens digit of v?
1
Let i(d) = -11*d + 12. Let l be i(-8). Suppose -4*x + l = -x - 2*g, -x + 3*g + 31 = 0. Suppose 4*h + a = -a + x, -a = h - 11. What is the units digit of h?
6
Let i be (8/(-2) - -1) + 6 + -3. Suppose c - 3*q - 51 = 0, 3*q = 3*c - i*q - 153. Let x = c - 10. What is the units digit of x?
1
Suppose 0 = 91*g - 1050049 - 2195011. What is the ten thousands digit of g?
3
Suppose 2*g = -2*g - 336. Let d be (57/6)/(11/286). Let b = d + g. What is the tens digit of b?
6
Let h(v) = 13*v + 23. Let y(d) = -19*d - 53. Let l(q) = 10*q + 26. Let u(m) = -7*l(m) - 3*y(m). Let a(g) = 3*h(g) + 2*u(g). What is the hundreds digit of a(7)?
1
What is the units digit of ((-2)/(-16)*-4)/((-13)/36868)?
8
Suppose -4*s + 65 = -w, 7 + 44 = 3*s - 3*w. What is the tens digit of -7 - -5 - -6*s?
9
Suppose 343 = -22*m - 449. What is the units digit of (-442)/2*6/m*6?
1
Let t = -93 - -115. Let x = t - 17. Suppose -n + 86 = j, 3*j + n - x*n = 279. What is the tens digit of j?
8
Suppose -290*g - 63*g = 1145 + 267. Let d = 32 + -158. What is the units digit of d*g/(-20)*(-5)/2?
3
Let n be -4 + 9*16/72. What is the tens digit of n*(-1)/(8/2036)?
0
Let p be ((-54)/24)/((-3)/(-88)). Let n = p + 432. What is the units digit of n?
6
Suppose -76*t + 621901 = 146445. What is the thousands digit of t?
6
Let t(s) be the third derivative of s**5/60 - s**4/8 - 5*s**3/6 - 2*s**2. Suppose 3*q + 2*j = -0*j + 28, -q + 16 = 4*j. What is the units digit of t(q)?
5
Let u(x) = 48*x + 64. Let m be u(8). Let p = m + -429. What is the tens digit of p?
1
Let w be -7 - (-2 + 1)/(3/6). What is the units digit of (-1 - -288 - (1 + w)) + 2?
3
Suppose 8*m - 3*m = -4*a + 37, 3*m = -5*a + 30. Let r(s) = 130*s**2 - 4*s + 6. Let t be r(2). What is the tens digit of (-2)/12 + t/12 + m?
4
What is the thousands digit of (-51659)/2*(71 - 11)/(-30)?
1
Let f = -224 - -157. Suppose l + 135 = -5*k, 2*k + 91 = -5*l + 60. Let n = k - f. What is the tens digit of n?
3
What is the units digit of 66555/117 + 10/65?
9
Suppose 0 = r - 6*l + 2*l + 18, -2*r + 19 = 3*l. Suppose 9 + 5 = r*i. What is the units digit of (i - -3)/((-2)/(-8))?
0
Let p(d) = 9*d**2 + 918*d - 685. What is the hundreds digit of p(-120)?
7
Suppose -7*i = 206 - 773. What is the hundreds digit of (i/(-54))/(3/2) + 207?
2
Let g = 289 + -297. Let r(o) = 13*o - 18. Let u(b) = b**2 - b + 1. Let p(k) = r(k) + 3*u(k). What is the tens digit of p(g)?
9
Suppose -9*v = -10*v - 30. What is the units digit of (-2)/10 - 3036/v?
1
What is the hundreds digit of (-507676)/(-364) - 4/(-14)?
3
Suppose 2*a - 17470 = 3374. What is the thousands digit of a?
0
Let a(n) = -n**3 + 69*n**2 + 5